{"id":28410,"date":"2024-12-06T14:26:00","date_gmt":"2024-12-06T14:26:00","guid":{"rendered":"https:\/\/jackvaper.cl\/distribuidor\/?post_type=product&#038;p=28410"},"modified":"2024-12-06T14:26:00","modified_gmt":"2024-12-06T14:26:00","slug":"spectre-tabaco-de-pipa-sofisticado","status":"publish","type":"product","link":"https:\/\/jackvaper.cl\/distribuidor\/product\/spectre-tabaco-de-pipa-sofisticado\/","title":{"rendered":"Spectre Tabaco de pipa sofisticado"},"content":{"rendered":"<p>La fusi\u00f3n perfecta de 3 sofisticados tabacos caramelizados, Brit\u00e1nicos arom\u00e1ticos de pipa.<\/p>\n","protected":false},"excerpt":{"rendered":"<p>La fusi\u00f3n perfecta de 3 sofisticados tabacos caramelizados, Brit\u00e1nicos arom\u00e1ticos de pipa.<\/p>\n","protected":false},"featured_media":28417,"template":"","meta":[],"product_cat":[77],"product_tag":[],"class_list":{"0":"post-28410","1":"product","2":"type-product","3":"status-publish","4":"has-post-thumbnail","6":"product_cat-tabaco","8":"first","9":"instock","10":"taxable","11":"shipping-taxable","12":"purchasable","13":"product-type-variable"},"_links":{"self":[{"href":"https:\/\/jackvaper.cl\/distribuidor\/wp-json\/wp\/v2\/product\/28410","targetHints":{"allow":["GET"]}}],"collection":[{"href":"https:\/\/jackvaper.cl\/distribuidor\/wp-json\/wp\/v2\/product"}],"about":[{"href":"https:\/\/jackvaper.cl\/distribuidor\/wp-json\/wp\/v2\/types\/product"}],"version-history":[{"count":1,"href":"https:\/\/jackvaper.cl\/distribuidor\/wp-json\/wp\/v2\/product\/28410\/revisions"}],"predecessor-version":[{"id":28418,"href":"https:\/\/jackvaper.cl\/distribuidor\/wp-json\/wp\/v2\/product\/28410\/revisions\/28418"}],"wp:featuredmedia":[{"embeddable":true,"href":"https:\/\/jackvaper.cl\/distribuidor\/wp-json\/wp\/v2\/media\/28417"}],"wp:attachment":[{"href":"https:\/\/jackvaper.cl\/distribuidor\/wp-json\/wp\/v2\/media?parent=28410"}],"wp:term":[{"taxonomy":"product_cat","embeddable":true,"href":"https:\/\/jackvaper.cl\/distribuidor\/wp-json\/wp\/v2\/product_cat?post=28410"},{"taxonomy":"product_tag","embeddable":true,"href":"https:\/\/jackvaper.cl\/distribuidor\/wp-json\/wp\/v2\/product_tag?post=28410"}],"curies":[{"name":"wp","href":"https:\/\/api.w.org\/{rel}","templated":true}]}}