{"id":28440,"date":"2024-12-06T14:39:18","date_gmt":"2024-12-06T14:39:18","guid":{"rendered":"https:\/\/jackvaper.cl\/distribuidor\/?post_type=product&#038;p=28440"},"modified":"2024-12-06T14:39:18","modified_gmt":"2024-12-06T14:39:18","slug":"receta-del-abuelo-tabaco","status":"publish","type":"product","link":"https:\/\/jackvaper.cl\/distribuidor\/product\/receta-del-abuelo-tabaco\/","title":{"rendered":"Receta del Abuelo Tabaco"},"content":{"rendered":"<p>Edici\u00f3n especial del popular tabaco RY4 Caramelizado, macerado con cenizas de tabaco Negro y especias.<\/p>\n<p><strong>llevamos la formulaci\u00f3n cl\u00e1sica del tabaco RY4 a otro nivel! No podr\u00e1s dejar de vapear este exquisito y refinado tabaco.<\/strong><\/p>\n<p><strong>Notas predominantes:<\/strong>\u00a0Tabaco Rubio, Madera, Tabaco americano, Cenizas, crema de Vainilla , Caramelo casero, frutos secos y especias.<\/p>\n","protected":false},"excerpt":{"rendered":"<p>Edici\u00f3n especial del popular tabaco RY4 Caramelizado, macerado con cenizas de tabaco Negro y especias. llevamos la formulaci\u00f3n cl\u00e1sica del<\/p>\n","protected":false},"featured_media":28447,"template":"","meta":[],"product_cat":[77],"product_tag":[],"class_list":{"0":"post-28440","1":"product","2":"type-product","3":"status-publish","4":"has-post-thumbnail","6":"product_cat-tabaco","8":"first","9":"instock","10":"taxable","11":"shipping-taxable","12":"purchasable","13":"product-type-variable"},"_links":{"self":[{"href":"https:\/\/jackvaper.cl\/distribuidor\/wp-json\/wp\/v2\/product\/28440","targetHints":{"allow":["GET"]}}],"collection":[{"href":"https:\/\/jackvaper.cl\/distribuidor\/wp-json\/wp\/v2\/product"}],"about":[{"href":"https:\/\/jackvaper.cl\/distribuidor\/wp-json\/wp\/v2\/types\/product"}],"version-history":[{"count":1,"href":"https:\/\/jackvaper.cl\/distribuidor\/wp-json\/wp\/v2\/product\/28440\/revisions"}],"predecessor-version":[{"id":28448,"href":"https:\/\/jackvaper.cl\/distribuidor\/wp-json\/wp\/v2\/product\/28440\/revisions\/28448"}],"wp:featuredmedia":[{"embeddable":true,"href":"https:\/\/jackvaper.cl\/distribuidor\/wp-json\/wp\/v2\/media\/28447"}],"wp:attachment":[{"href":"https:\/\/jackvaper.cl\/distribuidor\/wp-json\/wp\/v2\/media?parent=28440"}],"wp:term":[{"taxonomy":"product_cat","embeddable":true,"href":"https:\/\/jackvaper.cl\/distribuidor\/wp-json\/wp\/v2\/product_cat?post=28440"},{"taxonomy":"product_tag","embeddable":true,"href":"https:\/\/jackvaper.cl\/distribuidor\/wp-json\/wp\/v2\/product_tag?post=28440"}],"curies":[{"name":"wp","href":"https:\/\/api.w.org\/{rel}","templated":true}]}}