{"id":28482,"date":"2024-12-06T14:57:50","date_gmt":"2024-12-06T14:57:50","guid":{"rendered":"https:\/\/jackvaper.cl\/distribuidor\/?post_type=product&#038;p=28482"},"modified":"2024-12-06T14:57:50","modified_gmt":"2024-12-06T14:57:50","slug":"kawaii-banana","status":"publish","type":"product","link":"https:\/\/jackvaper.cl\/distribuidor\/product\/kawaii-banana\/","title":{"rendered":"Kawaii Banana"},"content":{"rendered":"<p>Disfruta de una deliciosa golosina frutal y muy refrescante!<\/p>\n<p>sabores intensos y mucho, pero mucho vapor!!! gracias a su alta formulaci\u00f3n en glicerina de un 80%.<\/p>\n<p>Con Kawaii Banana disfrutar\u00e1s de un batido bananas, adem\u00e1s notas de Candy: sand\u00eda y fresas. Todos esto con un final de calada muy refrescante, que dejar\u00e1 una sensaci\u00f3n incre\u00edble en tu paladar.<\/p>\n","protected":false},"excerpt":{"rendered":"<p>Disfruta de una deliciosa golosina frutal y muy refrescante! sabores intensos y mucho, pero mucho vapor!!! gracias a su alta<\/p>\n","protected":false},"featured_media":28489,"template":"","meta":[],"product_cat":[79],"product_tag":[],"class_list":{"0":"post-28482","1":"product","2":"type-product","3":"status-publish","4":"has-post-thumbnail","6":"product_cat-frutal","8":"first","9":"instock","10":"taxable","11":"shipping-taxable","12":"purchasable","13":"product-type-variable"},"_links":{"self":[{"href":"https:\/\/jackvaper.cl\/distribuidor\/wp-json\/wp\/v2\/product\/28482","targetHints":{"allow":["GET"]}}],"collection":[{"href":"https:\/\/jackvaper.cl\/distribuidor\/wp-json\/wp\/v2\/product"}],"about":[{"href":"https:\/\/jackvaper.cl\/distribuidor\/wp-json\/wp\/v2\/types\/product"}],"version-history":[{"count":1,"href":"https:\/\/jackvaper.cl\/distribuidor\/wp-json\/wp\/v2\/product\/28482\/revisions"}],"predecessor-version":[{"id":28490,"href":"https:\/\/jackvaper.cl\/distribuidor\/wp-json\/wp\/v2\/product\/28482\/revisions\/28490"}],"wp:featuredmedia":[{"embeddable":true,"href":"https:\/\/jackvaper.cl\/distribuidor\/wp-json\/wp\/v2\/media\/28489"}],"wp:attachment":[{"href":"https:\/\/jackvaper.cl\/distribuidor\/wp-json\/wp\/v2\/media?parent=28482"}],"wp:term":[{"taxonomy":"product_cat","embeddable":true,"href":"https:\/\/jackvaper.cl\/distribuidor\/wp-json\/wp\/v2\/product_cat?post=28482"},{"taxonomy":"product_tag","embeddable":true,"href":"https:\/\/jackvaper.cl\/distribuidor\/wp-json\/wp\/v2\/product_tag?post=28482"}],"curies":[{"name":"wp","href":"https:\/\/api.w.org\/{rel}","templated":true}]}}