{"id":28551,"date":"2024-12-06T15:22:19","date_gmt":"2024-12-06T15:22:19","guid":{"rendered":"https:\/\/jackvaper.cl\/distribuidor\/?post_type=product&#038;p=28551"},"modified":"2024-12-06T15:22:19","modified_gmt":"2024-12-06T15:22:19","slug":"profundo-blue-series","status":"publish","type":"product","link":"https:\/\/jackvaper.cl\/distribuidor\/product\/profundo-blue-series\/","title":{"rendered":"Profundo Blue Series"},"content":{"rendered":"<p>Nuestra m\u00e1s reciente colecci\u00f3n original by Jackvaper. Esta vez quisimos deslumbrar tu paladar con deliciosos vapores cremosos y sofisticados.<br \/>\nInspirados en la pasteler\u00eda Italiana y Griega.<\/p>\n<p><strong>Profundo<\/strong>\u00a0Es un suave coctel de espuma de bourbon, crema de coco, almendras tostadas en az\u00facar morena y\u00a0<em>cr\u00e8me br\u00fbl\u00e9e.<\/em><\/p>\n","protected":false},"excerpt":{"rendered":"<p>Nuestra m\u00e1s reciente colecci\u00f3n original by Jackvaper. Esta vez quisimos deslumbrar tu paladar con deliciosos vapores cremosos y sofisticados. Inspirados<\/p>\n","protected":false},"featured_media":28564,"template":"","meta":[],"product_cat":[78,77],"product_tag":[],"class_list":{"0":"post-28551","1":"product","2":"type-product","3":"status-publish","4":"has-post-thumbnail","6":"product_cat-postre","7":"product_cat-tabaco","9":"first","10":"instock","11":"taxable","12":"shipping-taxable","13":"purchasable","14":"product-type-variable"},"_links":{"self":[{"href":"https:\/\/jackvaper.cl\/distribuidor\/wp-json\/wp\/v2\/product\/28551","targetHints":{"allow":["GET"]}}],"collection":[{"href":"https:\/\/jackvaper.cl\/distribuidor\/wp-json\/wp\/v2\/product"}],"about":[{"href":"https:\/\/jackvaper.cl\/distribuidor\/wp-json\/wp\/v2\/types\/product"}],"version-history":[{"count":1,"href":"https:\/\/jackvaper.cl\/distribuidor\/wp-json\/wp\/v2\/product\/28551\/revisions"}],"predecessor-version":[{"id":28565,"href":"https:\/\/jackvaper.cl\/distribuidor\/wp-json\/wp\/v2\/product\/28551\/revisions\/28565"}],"wp:featuredmedia":[{"embeddable":true,"href":"https:\/\/jackvaper.cl\/distribuidor\/wp-json\/wp\/v2\/media\/28564"}],"wp:attachment":[{"href":"https:\/\/jackvaper.cl\/distribuidor\/wp-json\/wp\/v2\/media?parent=28551"}],"wp:term":[{"taxonomy":"product_cat","embeddable":true,"href":"https:\/\/jackvaper.cl\/distribuidor\/wp-json\/wp\/v2\/product_cat?post=28551"},{"taxonomy":"product_tag","embeddable":true,"href":"https:\/\/jackvaper.cl\/distribuidor\/wp-json\/wp\/v2\/product_tag?post=28551"}],"curies":[{"name":"wp","href":"https:\/\/api.w.org\/{rel}","templated":true}]}}