{"id":28622,"date":"2024-12-06T15:58:14","date_gmt":"2024-12-06T15:58:14","guid":{"rendered":"https:\/\/jackvaper.cl\/distribuidor\/?post_type=product&#038;p=28622"},"modified":"2024-12-06T15:58:14","modified_gmt":"2024-12-06T15:58:14","slug":"monsta-loop-berry","status":"publish","type":"product","link":"https:\/\/jackvaper.cl\/distribuidor\/product\/monsta-loop-berry\/","title":{"rendered":"Monsta Loop Berry"},"content":{"rendered":"<p>Deliciosos y crujientes cereales frutales sumergidos en una cremosa leche fresca sabor mix berries.<\/p>\n<p>Si te gustan los populares froot loop americanos, este ser\u00e1 tu l\u00edquido favorito todos los d\u00edas.<\/p>\n","protected":false},"excerpt":{"rendered":"<p>Deliciosos y crujientes cereales frutales sumergidos en una cremosa leche fresca sabor mix berries. Si te gustan los populares froot<\/p>\n","protected":false},"featured_media":28629,"template":"","meta":[],"product_cat":[78],"product_tag":[],"class_list":{"0":"post-28622","1":"product","2":"type-product","3":"status-publish","4":"has-post-thumbnail","6":"product_cat-postre","8":"first","9":"instock","10":"taxable","11":"shipping-taxable","12":"purchasable","13":"product-type-variable"},"_links":{"self":[{"href":"https:\/\/jackvaper.cl\/distribuidor\/wp-json\/wp\/v2\/product\/28622","targetHints":{"allow":["GET"]}}],"collection":[{"href":"https:\/\/jackvaper.cl\/distribuidor\/wp-json\/wp\/v2\/product"}],"about":[{"href":"https:\/\/jackvaper.cl\/distribuidor\/wp-json\/wp\/v2\/types\/product"}],"version-history":[{"count":1,"href":"https:\/\/jackvaper.cl\/distribuidor\/wp-json\/wp\/v2\/product\/28622\/revisions"}],"predecessor-version":[{"id":28630,"href":"https:\/\/jackvaper.cl\/distribuidor\/wp-json\/wp\/v2\/product\/28622\/revisions\/28630"}],"wp:featuredmedia":[{"embeddable":true,"href":"https:\/\/jackvaper.cl\/distribuidor\/wp-json\/wp\/v2\/media\/28629"}],"wp:attachment":[{"href":"https:\/\/jackvaper.cl\/distribuidor\/wp-json\/wp\/v2\/media?parent=28622"}],"wp:term":[{"taxonomy":"product_cat","embeddable":true,"href":"https:\/\/jackvaper.cl\/distribuidor\/wp-json\/wp\/v2\/product_cat?post=28622"},{"taxonomy":"product_tag","embeddable":true,"href":"https:\/\/jackvaper.cl\/distribuidor\/wp-json\/wp\/v2\/product_tag?post=28622"}],"curies":[{"name":"wp","href":"https:\/\/api.w.org\/{rel}","templated":true}]}}